3419 prime?
False
Is 699504343 a composite number?
True
Is 1881940327 a prime number?
True
Is 402433249 a prime number?
True
Is 51461196191 a composite number?
True
Is 127574254993 a composite number?
True
Is 772375907 a prime number?
True
Is 1464755795 prime?
False
Is 92207323189 a prime number?
True
Is 4000695161 a composite number?
False
Is 17133613933 composite?
False
Is 1544090755 a composite number?
True
Is 103375319 prime?
False
Is 1150110211 a composite number?
False
Is 9810891491 a prime number?
True
Is 8363936879 a prime number?
False
Is 12006035947 a prime number?
False
Is 2419431389 a composite number?
False
Is 165250271 prime?
True
Is 1637865703 composite?
False
Is 5542996813 a prime number?
True
Is 90997552711 prime?
False
Is 4794633401 prime?
False
Is 278288827 a composite number?
True
Is 2473361027 composite?
False
Is 1737516971 a composite number?
True
Is 11656755067 a composite number?
True
Is 13937904881 a composite number?
False
Is 3954822623 a prime number?
False
Is 12759819739 a composite number?
False
Is 2574435433 composite?
False
Is 645893279 prime?
False
Is 5666014303 composite?
True
Is 18469770551 composite?
False
Is 730833703 prime?
False
Is 6048623963 a prime number?
False
Is 198253483 composite?
True
Is 2359183153 composite?
True
Is 11739663613 composite?
False
Is 38352262537 prime?
False
Is 6542938187 prime?
False
Is 44850307 prime?
True
Is 3198842891 a prime number?
True
Is 16362519583 prime?
False
Is 141483980669 a composite number?
False
Is 90942261 prime?
False
Is 22248789301 a prime number?
False
Is 2941293133 a prime number?
False
Is 689478739 composite?
False
Is 1023409637 a composite number?
False
Is 8692450231 prime?
True
Is 23577655627 prime?
False
Is 60066486463 a prime number?
True
Is 30357535763 prime?
True
Is 8676772639 a composite number?
True
Is 35887860517 a composite number?
True
Is 485261219 composite?
False
Is 7434580151 a prime number?
True
Is 521556853 composite?
False
Is 91078329091 a composite number?
False
Is 3756605081 prime?
False
Is 33501162089 prime?
False
Is 31732729537 a composite number?
True
Is 16627559573 composite?
True
Is 1007654555 a prime number?
False
Is 92442419 composite?
False
Is 60903295363 a composite number?
False
Is 12045125249 a composite number?
False
Is 15047169601 a prime number?
True
Is 14069209013 composite?
False
Is 110814422189 a prime number?
False
Is 19470983023 composite?
True
Is 2096465621 composite?
True
Is 44184397207 composite?
False
Is 219053333 a prime number?
False
Is 157648061 composite?
False
Is 14441649337 a prime number?
True
Is 47080728335 composite?
True
Is 154919593 composite?
True
Is 917678906 prime?
False
Is 366273839 a prime number?
False
Is 3532737937 prime?
False
Is 630245095 a composite number?
True
Is 42241252759 prime?
False
Is 15423364519 a prime number?
True
Is 786780743 a composite number?
True
Is 190487177641 prime?
False
Is 49519651361 composite?
True
Is 337230527 a prime number?
True
Is 81012839951 a composite number?
False
Is 23652438685 prime?
False
Is 16489220417 prime?
True
Is 2047679333 prime?
False
Is 5915980207 a prime number?
True
Is 365609129 a prime number?
True
Is 58713302419 a prime number?
True
Is 4115539049 prime?
False
Is 23759545903 a prime number?
True
Is 11155191689 a prime number?
True
Is 1291009679 composite?
False
Is 106840154181 a prime number?
False
Is 4987917917 a composite number?
False
Is 37199903927 a composite number?
False
Is 28324335889 prime?
False
Is 14840600623 prime?
True
Is 24331687 prime?
False
Is 2506971461 prime?
True
Is 540745067 composite?
False
Is 1058398417 composite?
False
Is 358400033 composite?
True
Is 509559766 prime?
False
Is 2158663901 prime?
False
Is 107085622279 composite?
False
Is 6001053893 composite?
False
Is 49402417 prime?
False
Is 325382671 prime?
True
Is 418975127 a composite number?
False
Is 3938586317 prime?
False
Is 12118793906 a composite number?
True
Is 655722451 a prime number?
False
Is 1899421379 prime?
False
Is 35596435933 composite?
True
Is 6184169 prime?
True
Is 5467223033 prime?
False
Is 7667505067 prime?
False
Is 579902117 a prime number?
False
Is 889670791 a composite number?
False
Is 202843679 prime?
True
Is 265517677 a composite number?
True
Is 2496232807 a composite number?
True
Is 108928499 prime?
False
Is 7462968317 a prime number?
False
Is 2285174077 prime?
True
Is 1389201193 a prime number?
False
Is 9574351607 a composite number?
True
Is 1668654349 a composite number?
False
Is 7169675957 composite?
False
Is 45721828859 composite?
True
Is 2922816223 a prime number?
False
Is 34248426323 a prime number?
True
Is 1267146553 composite?
False
Is 2343936281 a composite number?
True
Is 13593857227 a prime number?
True
Is 53583749 a composite number?
False
Is 121286189 a composite number?
False
Is 8097591802 a prime number?
False
Is 238244869 a prime number?
True
Is 20594963 composite?
False
Is 5044386833 composite?
False
Is 940839037 a composite number?
False
Is 10162758223 prime?
False
Is 7946029579 prime?
False
Is 15418558037 a prime number?
False
Is 706792199 a composite number?
True
Is 668307049 composite?
False
Is 11927052737 prime?
True
Is 147270634757 a composite number?
False
Is 1274599369 a composite number?
False
Is 3041145959 a composite number?
False
Is 509874049 a prime number?
False
Is 4910795953 a composite number?
True
Is 7106992547 prime?
False
Is 24739758613 composite?
False
Is 1148731249 composite?
False
Is 13111648051 a composite number?
True
Is 43965393139 a prime number?
True
Is 93276570661 prime?
True
Is 98014085357 a composite number?
False
Is 4303868593 a prime number?
True
Is 1135719263 composite?
True
Is 17041966243 a composite number?
True
Is 45067752281 prime?
False
Is 11296533931 prime?
True
Is 134430281 a prime number?
True
Is 319358027 a prime number?
False
Is 25430026801 a prime number?
False
Is 1683007343 prime?
True
Is 7121389 a prime number?
False
Is 1320928777 prime?
False
Is 45121942711 a prime number?
False
Is 3624458963 a composite number?
False
Is 1258462393 a composite number?
False
Is 88575830011 a prime number?
True
Is 15375402451 composite?
False
Is 18571790453 a composite number?
True
Is 946017319 prime?
False
Is 154274683 composite?
False
Is 1479891527 a composite number?
True
Is 22457936269 a prime number?
True
Is 975107827 composite?
True
Is 3316352749 a prime number?
False
Is 41101782767 prime?
True
Is 531632663 composite?
False
Is 8607979859 a prime number?
True
Is 7379749243 a prime number?
True
Is 21717036443 prime?
True
Is 42011851111 a prime number?
True
Is 20898911777 a prime number?
True
Is 1682012803 a composite number?
False
Is 34588578209 a prime number?
True
Is 9488943187 a prime number?
False
Is 11468105563 composite?
True
Is 18618112993 composite?
True
Is 757264141 a prime number?
False
Is 40149624898 a prime number?
False
Is 320449903 prime?
True
Is 23818270457 a prime number?
True
Is 28696697401 a composite number?
True
Is 754875653 composite?
True
Is 2090714173 a composite number?
True
Is 606208997 a prime number?
True
Is 225812978 prime?
False
Is 20613972367 a composite number?
True
Is 2041753267 prime?
True
Is 35498618999 a prime number?
True
Is 6654820307 a composite number?
True
Is 50139937 composite?
False
Is 1580461469 prime?
True
Is 78911284619 prime?
False
Is 10793537393 prime?
True
Is 875526527 a prime number?
True
Is 4616594695 composite?
True
Is 69870560899 prime?
False
Is 53722507 prime?
True
Is 3252883045 prime?
False
Is 169129049233 composite?
True
Is 858440573 prime?
True
Is 1203795101 composite?
False
Is 248381295661 prime?
True
Is 2572457179 prime?
True
Is 6750163529 a composite number?
False
Is 25193409 prime?
False
Is 427095941 composite?
False
Is 2971895657 a composite number?
False
Is 115303961 a composite number?
True
Is 20255983169 a composite number?
True
Is 46451091 a prime number?
False
Is 2406355913 composite?
True
Is 23911563397 a prime number?
True
Is 42241254221 a composite number?
False
Is 5976488391 prime?
False
Is 15125540411 a prime number?
False
Is 166480737391 composite?
False
Is 882420257 a prime number?
False
Is 53453078533 a composite number?
False
Is 39354131293 composite?
False
Is 57061668911 a prime number?
False
Is 26209564177 composite?
False
Is 5846